t h be 94/(-18) + (-4)/(-18). Let j be 8/(-12) - h/3. Calculate the greatest common divisor of j and 1.
1
Let b(d) = d**3 - 29*d**2 + 8*d - 72. Let l be b(29). What is the highest common divisor of l and 20?
20
Let m(k) = -2*k - 9. Let x be m(-9). Let z = x - -18. Calculate the highest common divisor of 18 and z.
9
Suppose -3*t + 11 = -1. Suppose t*k - 32 = 8. What is the greatest common factor of k and 15?
5
Let h be 1*36/10*5. Suppose 4*t = -0*t + 116. Let s = t + -17. What is the highest common factor of h and s?
6
Suppose 5*n - 1 = -u + n, 2*n = u - 7. What is the highest common factor of u and 35?
5
Let y = 34 + -22. What is the greatest common divisor of 60 and y?
12
Suppose 7*d - 3*d - 300 = -4*c, d = 3*c - 205. Let l(j) = j**2 + j + 10. Let x be l(0). Calculate the greatest common factor of c and x.
10
Let z = -11 - -15. Suppose 3*f + z = 4*f. Calculate the highest common divisor of f and 1.
1
Let n be 2 - (-34*2 + 0). What is the highest common divisor of n and 28?
14
Suppose k - g + 69 - 222 = 0, 2*g - 306 = -2*k. Calculate the highest common divisor of k and 17.
17
Let q(j) = -j**3 - 12*j**2 - 3*j - 25. Let v be q(-12). Calculate the greatest common divisor of 33 and v.
11
Let w(y) = -5*y - 12. Let x(j) = 3*j + 6. Let g(t) = -4*w(t) - 9*x(t). Let h be g(-4). Calculate the greatest common factor of h and 2.
2
Suppose 153 = 4*u - 2*y + 41, 0 = -2*u - 2*y + 62. Suppose 4*n = -4*q - 76, 3*n - 25 = q + 7*n. Let r = q + u. What is the highest common divisor of r and 30?
6
Suppose -5*j = -15, -2*k + j + 8 = 1. Suppose p + 12 = k*u, 0 = -0*p + p + 4*u - 15. Let o be -2*(-30)/4 - p. Calculate the highest common factor of 3 and o.
3
Suppose -n + 3 = 2. Let z be (-52)/3 - (-2)/(-3). Let s be (-68)/z - 6/(-27). What is the highest common divisor of s and n?
1
Let g be ((-10)/(-4))/((-7)/(-84)). Let n = 78 - 33. Calculate the greatest common divisor of g and n.
15
Let l = 62 - 30. What is the highest common divisor of l and 8?
8
Let u(f) = -f**3 - 4*f**2 - 7. Let x = -10 + 5. Let q be u(x). What is the highest common divisor of 18 and q?
18
Suppose 133 - 33 = -4*q. Let k = -9 - q. Let f = 135 + 41. What is the highest common factor of f and k?
16
Let d = 23 - 35. Suppose -2*a = -4, 3*w + 4*a = -17 + 1. Let y = w - d. Calculate the highest common divisor of 8 and y.
4
Let v = 115 + -199. Let m = -50 - v. What is the greatest common divisor of m and 85?
17
Let i = -3 - -5. Let z = i - -5. Calculate the greatest common divisor of 7 and z.
7
Suppose 0 = -b + v + 4*v + 133, -5*b + 5*v + 705 = 0. Let d(w) = w**2 - 3*w - 5. Let k be d(6). Calculate the highest common factor of k and b.
13
Let a(s) = -s**2 + 2 + s**3 + 2 - 3. Let f be a(2). Suppose -7*y = 2*y - 180. What is the greatest common factor of f and y?
5
Let p = 31 + -19. Calculate the highest common factor of p and 4.
4
Let u = 35 + -29. What is the greatest common divisor of u and 12?
6
Suppose 0*n + 21 = 3*n. What is the greatest common divisor of n and 7?
7
Let f = 98 + -80. What is the highest common divisor of f and 54?
18
Suppose -3 = -7*i + 60. Calculate the highest common divisor of 72 and i.
9
Let w = 2 - -2. Suppose w*y - 5*c = 25, 0 = 3*y + y - 2*c - 34. What is the highest common factor of y and 10?
10
Let i(b) = 3 + 1 - 5 - b. Let x be i(-6). Suppose -1 = y - x. Calculate the highest common divisor of 28 and y.
4
Suppose -4*c + c + 96 = 0. Suppose 21 = 3*f - 27. Calculate the greatest common divisor of c and f.
16
Let a(l) = -4*l - 2. Let i be a(-3). Suppose 11 = 6*j - 49. Calculate the highest common factor of j and i.
10
Suppose 2*t + 3*b - 394 = 2*b, 3*t + 2*b - 590 = 0. What is the greatest common divisor of 22 and t?
22
Let h(z) = z**3 + 11*z**2 - 13*z + 8. Let p be h(-12). Let o = -3 - -8. Let m = o - -25. Calculate the highest common divisor of p and m.
10
Let x(n) = -n**3 + 7*n**2 + 7*n + 9. Let f be x(8). Let p(v) = 0 - f + 5 - 16*v. Let a be p(-3). What is the greatest common divisor of a and 13?
13
Let o be 8/((-1)/(2*-5)). Calculate the greatest common divisor of 10 and o.
10
Let x(z) = z**2 + 2*z - 3. Let w be x(3). Suppose -2*l + 3*k + 45 = -2*k, 0 = l - 3*k - 21. What is the highest common divisor of l and w?
6
Let m(i) = -i - 5*i + 2*i - 3. Let y be m(-4). Let g = 285 - 181. Calculate the greatest common divisor of g and y.
13
Let w be (-1)/(-3 - (-69)/24). Calculate the greatest common divisor of w and 16.
8
Suppose -2*u - 3*u + 3*g + 2975 = 0, -2*g = 3*u - 1804. Suppose 4*n - u = -70. Calculate the greatest common divisor of n and 22.
22
Let x = 3 + -2. Suppose 2*q + x = 11. Let g = -10 - -55. What is the highest common divisor of q and g?
5
Suppose -3 + 2 = -q. Suppose -q - 7 = -p. Let o be 33/4 + (-2)/p. What is the highest common factor of o and 1?
1
Suppose v - 20 = -3*v. Suppose -v*t - 196 = -6*t. Calculate the highest common factor of t and 28.
28
Suppose i + 355 = 3*f, -3*i - 2*i - 575 = -5*f. Calculate the greatest common divisor of f and 15.
15
Let s be (-6)/(-18) - 88/(-6). Let c be (s/(-10))/(6/(-56)). Calculate the highest common divisor of c and 28.
14
Suppose 5*b = -3 + 58. Let v = 6 - 6. Suppose 5*g - 383 = -2*u - u, v = 3*u + 4*g - 379. Calculate the greatest common divisor of u and b.
11
Let a = 40 + -26. Calculate the greatest common divisor of a and 70.
14
Suppose f + 2*f = 231. Calculate the greatest common factor of f and 11.
11
Let d be ((-77)/28)/(1/(-8)). Suppose -4*i + 0*i - 2*a = -d, i + 11 = 5*a. What is the highest common factor of 6 and i?
2
Suppose -4*h - 36 = -0*f - 4*f, 4*f - h = 36. What is the highest common divisor of 3 and f?
3
Suppose -14*f = -10 - 32. Calculate the greatest common factor of f and 21.
3
Suppose -3*d = -78 - 384. Suppose 9*q - 4*q - 70 = 0. What is the highest common factor of q and d?
14
Let n(a) = -2*a**2 - 10*a + 11. Let m be n(-5). Suppose -5*y + 5*q = -20, -1 = 5*y - 2*q + 4*q. Calculate the highest common divisor of m and y.
1
Let q be 3 + -2*(-55 + -4). What is the highest common factor of 11 and q?
11
Let k = 24 - 21. What is the highest common divisor of 39 and k?
3
Let l be (4/(-10))/(14/(-140)). Let p be 225/(-3 + 18/l). Calculate the greatest common factor of p and 25.
25
Let j be -3 + (3 + 2)*1. Suppose -10 = -j*a + 30. Let r be 2*15 - (4 - 4). What is the greatest common factor of a and r?
10
Suppose -3*n = -n - 192. Let p = 18 - 6. What is the highest common factor of p and n?
12
Let x = -70 - -121. Let o = 93 - x. What is the highest common divisor of o and 14?
14
Let m(n) = 3*n + 2. Let k be m(2). Let d = 4 + k. What is the greatest common factor of d and 3?
3
Let y = 2 + 1. Suppose -4*d + 4*s + 116 = 0, 2*d - y*d + 4*s + 26 = 0. What is the greatest common divisor of 5 and d?
5
Let w be 120/16 + (-1)/(-2). Calculate the highest common factor of w and 32.
8
Let n = -21 + 21. Suppose 5*o + 3*d - 25 = n, -5*o + 4*d = -0*o - 60. What is the highest common divisor of 72 and o?
8
Suppose 0*h = -3*u + h + 41, -2*h - 4 = 0. Suppose 2*s - 7 = u. Let t(p) = -p**2 - 3*p + 2. Let i be t(-3). Calculate the highest common divisor of i and s.
2
Suppose 8*w + 3 = 35. Calculate the highest common factor of w and 6.
2
Suppose -5*j - c + 194 = 3*c, c = -4. Let a(g) be the first derivative of 13*g**2/2 + g - 4. Let s be a(1). Calculate the highest common factor of j and s.
14
Let g = 80 - 10. Suppose 168 = -0*y + 12*y. What is the highest common factor of y and g?
14
Let x = 24 + -3. Let d = 48 - 23. Suppose 0 = -2*t + 7*t + 3*n - 20, 0 = -5*n - d. Calculate the greatest common divisor of x and t.
7
Let t be (2 + -1)*(-68)/(-2). Suppose -t = -3*r + c, -19 - 22 = -2*r - 3*c. Suppose 3*j = 13 + 26. Calculate the highest common divisor of r and j.
13
Let q be 166/6 - 2/(-6). What is the greatest common factor of 252 and q?
28
Let v = -11 + 7. Suppose 4 = -2*j - 5*a, 3*j + 25 = 5*a - 6. Let o = v - j. Calculate the greatest common divisor of 2 and o.
1
Let t = -226 - -411. Suppose -140 = -6*z + 3*z - 5*u, -4*z = 5*u - t. Calculate the greatest common factor of 18 and z.
9
Suppose -z - 1 = -7. Calculate the highest common divisor of z and 30.
6
Suppose -10 = -5*r - 0. Let c be 2 - (-6)/(1 + r). Calculate the highest common factor of 10 and c.
2
Let q = 292 - 118. Suppose 0 = -4*z + 6 + q. Calculate the highest c